lculate s(b).
-12
Let j(n) be the first derivative of n**4/4 - 2*n**3 + n**2/2 - 6*n - 793. Let g = -1 + 7. Give j(g).
0
Let k be -1 - -4*3/2. Let i(s) = -3*s - 5. Let j(y) = 7*y + 11. Let t(l) = 5*i(l) + 2*j(l). Calculate t(k).
-8
Let v = -980 - -965. Let y(s) = s**2 + 17*s + 36. What is y(v)?
6
Suppose 0*o + 4*a = o + 23, -3*a + 30 = -5*o. Let z be (2 + -3)*(-8 + o). Let s = -17 + z. Let h(g) = -g - 2. What is h(s)?
4
Let c(k) be the first derivative of -k**4/4 - k**3/3 - 2*k**2 + k - 726. Give c(-3).
31
Suppose 3*s - 9 = -z, -5*s = -14*z + 18*z - 15. Let g(d) = -d**3 + 5*d**2 - 3*d - 6. Determine g(s).
3
Let m(t) = -t**2 - 7*t + 2. Let y = 26 - -2. Suppose 2*o + 2*o = 2*f - y, 0 = -2*o + 3*f - 10. Calculate m(o).
-6
Let x(i) be the first derivative of -i**4/4 - 4*i**3/3 + 7*i**2/2 + 4*i - 14. Calculate x(-5).
-6
Let v(q) be the second derivative of -2/3*q**3 + q**2 + 0 + 17*q. Determine v(-2).
10
Let l(j) = 4*j + 5. Suppose 0 = -3*h + 2*x - 16, -3*x = -3*h + 2 - 23. Calculate l(h).
-3
Suppose -13*s + 697 = 671. Let u(t) be the third derivative of 0 + 1/8*t**4 + 0*t - 2*t**s - 1/6*t**3. Calculate u(-2).
-7
Let l(u) = -2*u**2 + 3*u. Let m = -20 - -22. Suppose 0 = -m*n - 3*n + 25. Suppose -3*v + 37 = n*d, -4*d - 4 = 4*v - 40. Calculate l(v).
-20
Let l(q) = -q - 1. Let g(j) = 3*j - 9. Let i be g(5). Suppose -i + 3 = 3*v - 2*z, 4*v - 5*z = 3. What is l(v)?
2
Suppose 0 = 3*q - 4*o - 16, q + 5*o + 5 = 4. Let i(s) be the first derivative of s**3 + s + 1/2*s**2 + 1/4*s**q + 4. Calculate i(-3).
-2
Let l(w) = w + 6. Let y(n) = 2*n + 17. Let i be 1*(0 + (4 - 7)). Let p(a) = i*y(a) + 8*l(a). Determine p(2).
1
Let r(i) = i + 4. Let f be (-6)/(-27) - (-104)/18. Let m(j) = 0 - 5 + f + 2 + j. Let g be m(-9). What is r(g)?
-2
Let g be 1 - -1 - (-4 + 2). Let i(j) be the second derivative of -1/3*j**4 - 1/6*j**3 + j + 1/20*j**5 + 0 - 3/2*j**2. Calculate i(g).
-7
Let g(f) = f**3 - 11*f**2 + 9*f + 19. Let p(i) = -i**3 + 11*i**2 - 9*i - 20. Let x(a) = -7*g(a) - 6*p(a). Determine x(10).
-3
Let v(x) = -x**2 + x + 1. Let z = -13 + 21. Suppose a - 2*y = 2*y - 18, 0 = -2*y + z. Give v(a).
-5
Let d = 108 + -114. Let t(p) = -p**3 - 6*p**2 + 4*p + 18. Let j be t(d). Let z(i) = -i - 1. Give z(j).
5
Let r be -2*17 + (6 - (5 + 2)). Let l = 38 + r. Let o(j) = -8*j. Calculate o(l).
-24
Let c(q) = -q + 6. Let n be c(12). Let s(h) = -20*h**2 - 21*h - 14. Let i(f) = -7*f**2 - 7*f - 5. Let d(u) = 17*i(u) - 6*s(u). Calculate d(n).
-7
Suppose 4*b + 0*b - 72 = 0. Let j = b + -16. Suppose -4*d = -2*l - 8, l - 2 = -2*d - j*d. Let k(y) = -y**2 + y - 1. Give k(l).
-7
Let t(r) = r**3 - 4*r**2 + 5*r - 3. Let d be t(3). Let q(i) = -i**2 + i**2 - i**2 + 145*i**3 - 1 - 146*i**3 - d*i. Determine q(-2).
9
Let b(k) = k**2 - 9*k + 1. Let j(g) = -3*g**2 + 174*g + 0*g**3 - 2 + g**3 - 169*g. Let x be j(2). Calculate b(x).
-19
Let v(o) = -o**3 + 3*o**2 - o + 2. Let y = 23 + -15. Suppose -4*k + 0*d = 2*d - y, -2*k - 5*d = 4. Give v(k).
-1
Let m(i) = 11*i**2 + i + 1. Let g = 25 - 27. What is m(g)?
43
Let i(o) = -o**2 + 7*o - 17. Let w(x) = -x**3 + 9*x**2 - 7*x - 37. Let p be w(7). What is i(p)?
-77
Let l(i) = -14*i**2 + 2*i - 20*i**2 + 31*i**2 + 2. Let t(j) = -j**3 + 5*j**2 + j - 5. Let h be t(5). Let r = h - -2. What is l(r)?
-6
Let k(p) = -p**3 + 22. Let o(v) = -v**3 + 22. Let u(s) = -4*k(s) + 5*o(s). Calculate u(0).
22
Let y(f) be the first derivative of 2 - 19/3*f**3 - f - f**2. Calculate y(-1).
-18
Let l(z) = -z**3 + 9*z**2 - 7*z - 11. Let n = -467 + 475. Determine l(n).
-3
Let u(p) = 34*p**2 + 100*p + 2. Let y be u(-3). Let m(s) = -1 - s + 6 + 0. Determine m(y).
-3
Suppose 9 = -3*b + 3*r, 0*r = -2*b - 5*r - 27. Let k(j) = j**3 + 4*j**2 - 13*j - 10. Let n be k(b). Let d(o) = -o - 6. Determine d(n).
-2
Let j(k) = 4 + 2 + 2*k + 4. Suppose 24*t - 156 = 20*t. Let n be (t/(-6) - -3)*2. Give j(n).
-4
Let c(m) = 25*m**2 + m + 1148436 - 1148436. Calculate c(1).
26
Let o = -296 - -299. Let s(n) be the first derivative of 1 - 1/3*n**o + n + 3*n**2. What is s(5)?
6
Let a(c) = c**3 - 13*c**2 + 11*c + 6. Let n(w) = -w**2 + w + 1. Let p(s) = -s**3 + 6*s**2 - 4*s - 6. Let z be p(5). Let b(l) = z*a(l) + 2*n(l). Calculate b(10).
6
Let m(w) = 11*w**2 - 12*w + 15. Let c(g) = 7*g**2 - 8*g + 10. Let n(f) = -8*c(f) + 5*m(f). Let d(a) = -5*a**3 + 2*a + 2. Let r be d(-1). Determine n(r).
-10
Let k(v) = -3*v + 5. Let y(o) = 6*o - 9. Let g be (-5 + 3)/2 - -1. Suppose -3*t + g*t - 18 = 0. Let j(b) = t*y(b) - 11*k(b). Give j(3).
-10
Let z(t) be the third derivative of 0 + 7/6*t**3 + 0*t - 1/8*t**4 + 5*t**2. Let q be (-10)/4*(-17 + 15). Give z(q).
-8
Let r(o) = 10*o**2 + 2*o + 1. Let d be (-1 - 5)/((-6)/(-4)). Let i = d - -7. Let w be -2 + i + (-3 - -1). What is r(w)?
9
Let d(v) = -2*v**2 + 20*v + 24. Let z(s) = 3*s**2 - 32*s - 36. Let h(w) = -8*d(w) - 5*z(w). Calculate h(-4).
4
Let q(u) = -u**2 - 9*u - 3. Let m(j) = -2*j**2 + 28*j - 21. Let b be m(13). Let c be -3 + (b - (12 - 4)). Give q(c).
15
Let d(o) = 3*o**2 + o + 2. Let l(u) = -4*u**2 - u - 1. Let c(i) = 5*d(i) + 4*l(i). What is c(3)?
0
Let b(y) be the second derivative of 2*y**2 - 1/12*y**4 - 4/3*y**3 + 0 - 18*y. Suppose -2*a + 23 = -5*i, -2 = 3*a + 1. What is b(i)?
19
Let q(s) = -2*s + 1. Suppose -o - 4 + 23 = 0. Suppose o*m = 14*m + 15. What is q(m)?
-5
Let d(o) = -o**3 + 4*o**2 + o + 1. Let a(h) = h**3 - 38*h**2 + 74*h - 68. Let k be a(36). Give d(k).
5
Let s(p) = -p**3 - 5*p**2 + p. Let c be -3*6/(-9) - 2. Suppose 0*m + m + 5 = c. Determine s(m).
-5
Suppose x = -0*x. Let b(n) = -5*n + x*n + 3*n. Let s = 406 - 409. Determine b(s).
6
Let d(l) = l**3 - l**2 + 1. Suppose 6*a = 3 + 3. Let w(p) = -1. Let v(f) = a*w(f) + 2*d(f). Calculate v(1).
1
Let c be ((-2)/10)/(((-171)/90)/19). Let g(o) be the first derivative of 8 - o**c - 4/3*o**3 - 1/2*o**4 + o. Give g(-2).
5
Let h(f) be the second derivative of -f**4/6 + 19*f**2/2 + 2*f + 186. Determine h(4).
-13
Let i(z) = z**3 - 21*z**2 - 8. Let g be i(21). Let t(p) = p + 15. Determine t(g).
7
Let r(c) be the second derivative of -c**3/3 + 640*c. Let h = 3 + -4. Calculate r(h).
2
Let y(h) = h**2 - 5*h + 6. Let m(l) = l**3 - 4*l**2 - 6*l + 7. Let w be m(5). Let r = -160 - -164. Suppose x + w*j = 5*x - 12, 8 = r*j. Calculate y(x).
2
Let t(s) = 4*s. Suppose -4*o + 2 = -2*o - 2*c, 0 = 3*o + 4*c - 31. Let y = 5 - 1. Suppose -1 - y = -o*r. What is t(r)?
4
Let g(a) = 2*a + 11. Let v(d) = 5*d + 22. Let f(c) = 7*g(c) - 3*v(c). Calculate f(8).
3
Let r(x) = -x**3 + 7*x**2 - 6*x + 4. Suppose -5*q + 28 = -2. Give r(q).
4
Let i(l) = l**2 - 4*l - 6. Let c be i(5). Let f be 0/((-2)/c - 4). Suppose v - 1 = f, -2*y - 2*y = 5*v - 1. Let s(d) = 8*d - 1. Give s(y).
-9
Let w be 2/(1/(0 - -1)). Let n be w*(-27)/(-6) - 3. Let b(h) = h - h**2 - 2 + 0 - n. Determine b(0).
-8
Let z(x) = x**2 + 2*x - 11. Let w be z(-5). Suppose w*b - 3*b = 0. Let h(m) = m**3 - m - 8. Determine h(b).
-8
Let h(f) = 5*f - 4. Suppose -10*n - 13*n = 69. Calculate h(n).
-19
Suppose 8*x - 14 = 2. Let l(j) = j + 6*j - 6*j**2 + j**3 + 0*j**3 + 13*j**x. Give l(-6).
-6
Let u(d) = -2*d**3 - d**2 + d + 2. Let m(v) = 3*v**3 - 8*v**2 + 18*v - 9. Let b(h) = m(h) + u(h). Give b(6).
-1
Let c be 16/((-80)/15) - 4. Let q(h) = -h**3 - 7*h**2 + 3*h + 15. Calculate q(c).
-6
Let j(o) = o**2 + 2*o + 2. Let i be j(-2). Let c(z) be the third derivative of -z**4/24 + z**3/6 - z**2 + 39. Give c(i).
-1
Suppose 33 = -10*c - c. Let o(h) = -4*h - 6. Give o(c).
6
Let x(q) be the second derivative of q**6/360 + 5*q**3/3 + 14*q. Let g(u) be the second derivative of x(u). Determine g(-3).
9
Let z(n) = -n**3 - 9*n**2 + 9*n - 12. Suppose 117*o = 119*o - 98. Let l = o - 59. What is z(l)?
-2
Let z(y) be the second derivative of y**5/20 - y**3/6 + y**2/2 - 2*y + 43. Let f(s) = -3*s**3 + 5*s**2 + 7*s + 2. Let d(p) = -f(p) - 4*z(p). Calculate d(-5).
9
Let z(c) = -5*c + 1. Let t(o) = 87*o - 6. Let u(j) = t(j) + 18*z(j). Give u(5).
-3
Let q(i) = 63*i + 1. Let o be q(5). Let s(m) = o - 316 - 3*m. Give s(3).
-9
Let a(v) be the second derivative of -1/12*v**4 + 0 + 20*v + 5/6*v**3 + 1/2*v**2. What is a(7)?
-13
Let w(u) be the first derivative of -u**3/3 - 5*u**2/2 + 9*u - 66. Give w(-7).
-5
Let t be (-19)/(-5) - (-2)/10. Let r(b) = -b**3 + 3*b + t*b - 373*b**2 + 368*b**2 - 1. Give r(-6).
-7
Let j(u) be the second